s the units digit of s?
2
Suppose -3*v = v - 3*g - 24, 0 = -g - 4. Suppose 2*u = -3*k - k - 16, u = v*k + 7. Let m(x) = x**3 + 3*x**2 - 3*x - 2. What is the units digit of m(u)?
8
Suppose s - 4*t + 6*t = -6, -2 = -3*s - t. Suppose s*x = 4*x - 8. What is the units digit of x?
4
Suppose -55 - 395 = 5*q. Let c = q - -126. What is the units digit of c?
6
Let q(f) = f**2 - 4*f + 4. Let x be q(4). Suppose -3*u = -5*j + 16, 8*j + u = 3*j + 8. Suppose 26 = 3*v + w - 6, -x*w = j*v - 38. What is the units digit of v?
9
Suppose 0 = 9*k - 4*k. What is the units digit of k - (1 - (0 + 3))?
2
Let g = -10 - -7. Let y be (-4)/((-4)/g)*-1. Suppose -4*v + 4*p = -48, y*v = -p + 2*p + 30. What is the units digit of v?
9
Let h(r) = -r + 2. Suppose -3*j + 3 = -0. What is the units digit of h(j)?
1
Let q(z) = 2*z + 1 - 3*z - 5*z + z**3 + 5*z**2. Let i be q(-6). What is the units digit of 9/(-3) - (-12 + i)?
8
Let h = 310 + -216. What is the units digit of h?
4
Let z be (2 - 3) + 55 + 0. Suppose -3*y - z = -4*k, 4*y + 0 = -4*k + 40. Suppose -4*o + 5*j = -k, -o = 2*j - 1 - 15. What is the units digit of o?
8
Suppose 4*a + a - 100 = 0. Suppose -8*f + a = -3*f. Suppose 0 = -f*w - q + 81, 2*w + 5*q - 120 = -3*w. What is the units digit of w?
9
Suppose 86*u - 87*u + 84 = 0. What is the tens digit of u?
8
Let s be 2*((-46)/4 - -2). Let k be (-6)/(-21) - s/7. Let o = k - 1. What is the units digit of o?
2
Suppose -82 = 3*p - 5*p. What is the units digit of p?
1
Suppose -2*c = 4, 5 - 15 = i + 5*c. Suppose -4*b + 2*y + 134 = 0, i*b - 5*b + 2*y + 167 = 0. What is the units digit of b?
3
Let j be 1*(3 - 2) - -5. Let g be j - (0 + 0)/(-1). Suppose g = -c + 8. What is the units digit of c?
2
Let h(s) = 2*s**2 + 2*s + 1. Let k = 6 + -3. Suppose k = -5*l - 7. What is the units digit of h(l)?
5
Let y(i) = i**2 - 6*i - 8. Let q be y(8). Suppose -q = j - 0*j. Let b = -6 - j. What is the units digit of b?
2
What is the units digit of ((-2)/6)/((-8)/696)?
9
Suppose -3*c + 5 = -4. Let x = 2 - c. Let s = x - -4. What is the units digit of s?
3
Let a(k) = -k**2 + 4*k + 6. Suppose -i + 5 = -2*i, 4*b - 5*i = 49. Suppose 2*g - b = 4. What is the units digit of a(g)?
1
Let v(b) = b**3 - b**2 - 7*b + 6*b + 8*b**2 + 2*b. What is the tens digit of v(-6)?
3
Let v = -97 + 180. What is the tens digit of v/6 - (-4)/24?
1
Let f(p) = p**2 + 1. Let u(r) = r**2 - 4*r + 2. Let v be u(2). Let j be f(v). Suppose j*c = 5*d - 30, -2*d + c = 2*d - 9. What is the units digit of d?
1
Suppose 4*u + 1 = 33. Let a = 16 + u. What is the units digit of a?
4
Let d(s) = -6*s - 22. What is the tens digit of d(-14)?
6
Let b be 5/25 + 48/(-15). What is the units digit of (-303)/(-18) + b/(-18)?
7
Suppose 3*g - 27 = -0*g. What is the units digit of g*(-7)/((-42)/4)?
6
Let v(x) be the third derivative of -2*x**2 + 0*x + 0*x**3 + 0 + 1/60*x**5 - 1/12*x**4. What is the units digit of v(3)?
3
Suppose 0 = n + 5, 3*l = l + 4*n + 2. What is the units digit of (1 - -24) + (l - -6)?
2
Let s(t) = -t**2 + 11*t + 22. What is the tens digit of s(9)?
4
Let y(x) be the first derivative of -5*x**2/2 - x + 3. What is the units digit of y(-2)?
9
Suppose -3*z = 4*m - 38, -z - 3*z + 5*m + 92 = 0. Let b = z + 11. What is the tens digit of b?
2
Let m be (-1 + (-9)/(-6))*4. Suppose -2*l - m*l = -144. Let y = l + -16. What is the units digit of y?
0
Suppose 0 = -0*j - 5*j. Let y = j + 0. Suppose -5*h = -y*p + 3*p - 43, -5*p = 4*h - 37. What is the units digit of h?
8
Let s = 42 - 12. What is the units digit of s?
0
Let k be -2 + (-2 - (-4)/(-2)). Let h be (-9)/k*(-14)/(-3). What is the units digit of 2/(-6) - h/(-3)?
2
Suppose 4*g = -5*c - 4 + 5, 3*g = -4*c. Suppose -b - 2*b = -g*k - 3, -2*k - 2*b = -16. What is the units digit of k?
3
Suppose 5*y + 2*t - 8 - 56 = 0, -4*y - 4*t = -44. What is the units digit of (-5 + 1)*y/(-4)?
4
Let w = -54 - -80. What is the units digit of w?
6
Let k(s) = s + 10. Suppose 3*w + 14 = -2*j, -5*w + 0*w = 3*j + 21. Let y be k(j). What is the tens digit of -22*y/12*-2?
1
Let s(n) = n - 8. Let b(y) = -y - 1 + 1 + 7. Let d(h) = 3*b(h) + 2*s(h). What is the units digit of d(-4)?
9
What is the hundreds digit of (243/(-12))/(3/(-16))?
1
Let z(b) be the second derivative of -b**3/6 - b**2 + 2*b. Let u be z(-5). Let q = u - -3. What is the units digit of q?
6
Suppose 4*s + 28 = 8. Let l be (-5)/(s/3) - 0. Suppose 0 = -4*x + l*x + 14. What is the tens digit of x?
1
Let u be (-1 + 0)*-1*-1. Suppose 0 = -0*t + t. What is the units digit of -8*1/(u - t)?
8
Let y = 283 + -134. What is the units digit of y?
9
Suppose 7*s - 10*s + 132 = 0. What is the units digit of s?
4
Let n = -52 - -101. What is the units digit of n?
9
Let f = -3 - -5. Suppose -q = x - 13, 0 = x + 2*x - f*q - 49. What is the units digit of x?
5
Let t(l) = 11*l + 11. What is the tens digit of t(23)?
6
Suppose 0 = -4*q - 2*f - f - 13, 3*q = -5*f - 18. Let a(i) = -1 + 3*i**2 - 9*i**3 - 3*i**2 - 2*i. What is the units digit of a(q)?
0
Let h(u) be the third derivative of u**4/24 + 2*u**3/3 + 7*u**2. Suppose -2*k - k + 15 = 2*d, 3*k = -5*d + 51. What is the tens digit of h(d)?
1
Suppose 162 - 48 = 2*n. What is the tens digit of n?
5
Let w(h) = -2*h - 5. Let l be w(-5). Suppose -l*s = -3*s + 52. What is the units digit of 1/(-5) + s/(-5)?
5
Let t = -5 - -26. Let i = 35 - t. What is the units digit of i?
4
Let z(t) = 3*t**3 - t**2 + 1. Let j be z(1). Suppose 0 = 3*i + 2*q - j, 15 = i + q - 5*q. What is the units digit of (-10)/(-6) - i/(-9)?
2
Suppose 3*v = -5*j - 6 + 1, 31 = 3*v - 4*j. Suppose s - v = 5. What is the tens digit of s?
1
Suppose -27 = -v - 3*x, 5*v = -4*x + 59 + 109. Let s be (-36)/(-30)*(-20)/(-6). Suppose 0*a + s*a - v = 0. What is the units digit of a?
9
Suppose -7*g + 6*g + 10 = 0. What is the units digit of 24/g*5/2?
6
Suppose 0 = 3*h + 6, 3*k + 2*h = 6*k - 619. What is the tens digit of k?
0
Let h be (-4)/(-1)*(-3)/(-6). Suppose 4*n - h = 2. What is the units digit of n?
1
Let o(a) = -2*a**3 - 7*a**2 - 3*a - 1. Let z(l) = -l**3 + l**2 + 1. Let u(p) = o(p) - z(p). What is the units digit of u(-8)?
2
Let c = 407 + -267. What is the tens digit of c?
4
Let s = 99 + -76. What is the tens digit of s?
2
Let d(f) = -f**2 + 11*f + 11. Let a be d(10). Suppose -73 + a = -4*s. What is the units digit of s?
3
Let h(w) = -6*w + 18. What is the units digit of h(-8)?
6
Suppose 0 = 5*m - 7 + 27. What is the tens digit of 19*(0 - (m - -3))?
1
Suppose -8*b = -9*b + 86. What is the tens digit of b?
8
Let v = 12 + -23. Let c be (v + 2)/((-1)/1). What is the units digit of 2/3 + 120/c?
4
Suppose 5*b = h + h + 69, 5*h - 75 = -4*b. What is the tens digit of b?
1
Suppose -5*v - 4*n = -8, 5*v - 11 = 2*n + 15. Suppose -4*o + 0 = v. What is the units digit of 3/(2 - (-1)/o)?
3
Let m(f) be the second derivative of f**6/720 + f**5/120 - f**4/4 + f. Let a(o) be the third derivative of m(o). What is the units digit of a(5)?
6
Let c = 10 - 11. What is the tens digit of (1 - (c + -1)) + 10?
1
Let k be 4/(-10) + 84/35. Suppose z = -k*z + 54. What is the tens digit of z?
1
Let r(u) = -4*u + 4. Let w be r(4). Let o = w - -21. What is the units digit of o?
9
Let o(i) = -i**3 - 9*i**2 - 9*i - 4. Let m be o(-8). Suppose m*j - 15 - 1 = 0. What is the units digit of j?
4
Let h be 28/8 - (-1)/(-2). Suppose 0*y - 3*g = h*y - 18, y - 3*g - 2 = 0. Suppose -3*t - 24 = -y*t. What is the units digit of t?
2
Let f(t) = 2*t**2 + 3*t**2 - 4*t**2 - 3*t - 4. Let b be 14/(-21) - 40/(-6). What is the units digit of f(b)?
4
Suppose 55*d + 252 = 58*d. What is the units digit of d?
4
Let l(h) = 2*h**2 + 4*h - 4. What is the tens digit of l(3)?
2
Let w be (1 - -2) + -3 - 0. Suppose -2*y - 2*g - 172 = w, 5*g = 13 + 7. What is the tens digit of (7/(-21))/(2/y)?
1
Let j = -361 + 530. What is the units digit of j?
9
What is the tens digit of (64 - 2)*1 - -4?
6
Suppose 4 = -s + 5. Let h(a) = 6*a - 1. Let c be h(s). Suppose c*w + 22 = -3*f, 3*w = -5*f + w - 5. What is the units digit of f?
1
Let y be (6/(-2))/(6/8). Let g(v) = v**3 + 4*v**2 - v + 1. What is the units digit of g(y)?
5
Suppose 2 = -5*p - 8. Let x = -3 - -7. Let f = p + x. What is the units digit of f?
2
Let u be 675/35 - 6/21. Suppose -5*x - u = -2*o, -o + 2 = x - 6*x. What is the tens digit of o?
1
Let o be 76 - (-2 - 2/(-2)). Suppose o = 4*a